he remainder when x(-7) is divided by h?
4
Suppose -23 = 2*j + 3*v, 0 = 3*j - j + v + 21. Let x = j + 19. Suppose 2*i - 136 = -2*i. Calculate the remainder when i is divided by x.
7
Suppose 0*s = 2*s + 8. Let x = 476 - 448. What is the remainder when ((-218)/(-4))/((-2)/s) is divided by x?
25
Calculate the remainder when 41 is divided by 338/26 + 9/3.
9
Let a be ((-10)/(-4))/(4/(-32)*-4). Suppose -127 - 133 = -a*k. Calculate the remainder when k is divided by 18.
16
Suppose -4*a + 142 + 18 = 0. Let b = -35 + a. What is the remainder when -1 - -3 - (-2 + -4) is divided by b?
3
Let r = -14 - -34. What is the remainder when (93/2)/(10/r) is divided by 48?
45
Let z = -258 - -262. Let f = 28 + -18. What is the remainder when f is divided by z?
2
Suppose -37*k = -41*k + 16. Suppose l - v - 14 = 0, 2*l + 5*v = k + 17. What is the remainder when 74 is divided by l?
9
Let r be 4*1*(-15)/(-3). Suppose 2*q + 0*q + 3*j - 10 = 0, 2*q - r = 2*j. What is the remainder when 15 is divided by 11/(-44) - (-50)/q?
3
Suppose -3*q + 4*n = 0, 2*q + 5*n = -2*q. What is the remainder when 126 is divided by 16 - q*(-2)/6?
14
Let u = 38 - 35. Suppose 0*y - 5*f - 30 = -y, 42 = u*y - 3*f. What is the remainder when 129 is divided by y?
9
Let y be 1185/10*(0/(-3) - -2). Calculate the remainder when 1/2 - y/(-6) is divided by 7.
5
Let c = -26 - -58. Suppose 0*v = 2*v + c. Let l = v + 28. Calculate the remainder when 45 is divided by l.
9
Let m = 22 + -10. What is the remainder when 1173 is divided by m?
9
Let m = 273 + -253. Let u(j) = j**2 - 2*j + 4. Calculate the remainder when m is divided by u(3).
6
Let d(q) = q**2 - 18*q + 95. What is the remainder when 466 is divided by d(4)?
37
Let v(n) = -n**3 + n**2 + n + 15. Suppose 31 = 9*k - 59. Let z(h) = -2*h**2 + 23*h - 2. Calculate the remainder when z(k) is divided by v(0).
13
Let q = 20 + -6. Suppose m = h + q, m - h - 14 = h. Calculate the remainder when 40 is divided by m.
12
Suppose -t - 3*b = 10, 11 = -2*t - 3*b + 3. Suppose -282 = -5*n - 3*h, n + t*h - h = 56. Calculate the remainder when n is divided by 6.
3
Let s = 11 - -5. Suppose -t = -4*v - 51, 177 = -3*t + 6*t - 4*v. Calculate the remainder when t is divided by s.
15
Let l = 622 - 546. What is the remainder when l is divided by 34?
8
Calculate the remainder when 113 is divided by 10*(-12)/((-360)/78).
9
Suppose -8*q + 34 = -46. Suppose -520 = -q*f + 10. Calculate the remainder when f is divided by 11.
9
Let u be 7/(-3) + (-1)/(-3). Let g = 11 - u. Suppose -4*p = -y - g, -2*y - 18 = 4*p - 8*p. Calculate the remainder when p is divided by 1.
0
Let b(x) = -x**2 - 15*x - 8. Suppose -2*o = -3*y + 31, -2*y = 3*o - 1 + 15. Calculate the remainder when 143 is divided by b(o).
47
Let p = -5 - -8. Suppose -5*h - 4*c + p = 0, -4*c = -h + c + 18. Suppose 143 - 2 = h*j. What is the remainder when j is divided by 12?
11
Let s = 31 + -31. Suppose 4*a - 6*a + 26 = s. What is the remainder when 38 is divided by a?
12
Suppose 1 + 9 = -2*z, 0 = h + 3*z - 13. Calculate the remainder when 78 is divided by h.
22
Suppose 5*p = -4*y + 18, 15 = 4*p - 2*p - y. Let k(q) = q - 6. Let x be k(p). Let w = 5 + x. Calculate the remainder when 7 is divided by w.
2
Suppose -2*l - 6 = -2. Let j be l/(-4)*(-66)/(-3). Let r = 56 - j. Calculate the remainder when r is divided by 12.
9
Suppose 7*c - 9*c = -90. Suppose -7*l = -c + 10. Calculate the remainder when (-1)/3 - (-43)/3 is divided by l.
4
Suppose 4*p + 3*v - 249 = 0, -111 = -3*p + 3*v + 60. What is the remainder when p is divided by 5/(-5)*(-21 - 0)?
18
Suppose 51*d = 20800 - 961. What is the remainder when d is divided by 28?
25
Suppose 4*b + 5*a + 50 = 0, 3*b + 2*a + 38 = -2*a. Let v(g) = -g - 1. What is the remainder when 62 is divided by v(b)?
8
Let n be (-1)/((-2)/10 + 0). Suppose -2*i = -n*i. Suppose 4*l + i*l - 60 = 0. What is the remainder when 57 is divided by l?
12
Suppose -24 = -4*s - 4*w + 68, 4*w - 74 = -3*s. Calculate the remainder when s is divided by 5.
3
Let n(q) = -1370 - 4*q + 11*q + 1373. What is the remainder when n(6) is divided by 13?
6
Suppose 5*t = 0, -3*t + 3 = 4*a - 33. Calculate the remainder when 111 is divided by a.
3
Suppose -4*g + 9*g + 25 = -4*t, -5*t - 5*g - 35 = 0. Let w(l) = -11*l - 5. What is the remainder when w(t) is divided by 27?
24
Suppose -2*n + 0*k + 18 = -k, -5*k = -10. Calculate the remainder when 30 is divided by n.
0
Let r be (45/6)/((-1)/12). Let i(b) = -24*b + 2. Calculate the remainder when i(-2) is divided by r/(-9) - (-3)/1.
11
Let q = 86 + -82. Let o = q - 2. What is the remainder when 5 is divided by o?
1
Let k = 4582 + -2946. What is the remainder when k is divided by 14?
12
Let q = 18 - 11. Let j(m) = -3*m - 21. What is the remainder when j(-20) is divided by q?
4
Calculate the remainder when 6 + 10/15*933 is divided by 42.
40
Let d(t) = -t**3 - t**2 + 10*t + 6. What is the remainder when 27 is divided by d(-4)?
13
Let m(x) = -x**3 + 6*x**2 - 6*x + 8. Let f be m(5). Suppose c - f*z = -7, 2*z - 4*z + 14 = 4*c. Calculate the remainder when 8 is divided by c.
0
Let z = 1929 + -1311. What is the remainder when z is divided by 20?
18
Calculate the remainder when 174 is divided by 20/(-50) + (3696/(-10))/(-4).
82
Let x(a) = 3*a + 37 - 4*a + a - a**2. Let d(f) = 11*f - 25. What is the remainder when x(0) is divided by d(4)?
18
Suppose 0 = -3*m - p + 403, 4*p - 2*p = 4*m - 534. Calculate the remainder when m is divided by 45.
44
Let y = 17 + -13. Let q be (138/y)/(1/2). Calculate the remainder when 2*2/4 + q is divided by 18.
16
Let v(m) be the first derivative of 7/2*m**2 - 1 - 18*m + 1/3*m**3. What is the remainder when 20 is divided by v(-10)?
8
Suppose 0*r + 50 = r + 2*f, 4*f + 250 = 5*r. What is the remainder when r is divided by 19?
12
Let b = 81 - 79. Let q = b - -20. What is the remainder when 40 is divided by q?
18
Suppose -31 = -3*y + 44. What is the remainder when y is divided by 0*(-1)/(-2) - -16?
9
Let n be 0 + 1 + (59 - 0). Let j = n - 26. Suppose 2*v - 4*r = -v + 77, -r + 14 = v. Calculate the remainder when j is divided by v.
15
Suppose -4*o = 2*o - 72. Calculate the remainder when ((-219)/o)/((-2)/8) is divided by 25.
23
Suppose -7*p + 3*p = v - 444, 4*p - 436 = v. Calculate the remainder when 221 is divided by p.
1
Let v = 2090 + -1622. What is the remainder when v is divided by 58?
4
Let h be 4/(2 - 3 - (-30)/28). Let g = 91 - h. What is the remainder when g is divided by 11?
2
Let n = 626 + -567. Calculate the remainder when 186 is divided by n.
9
Let a = -24 + 33. Let y = a + -3. What is the remainder when 17 is divided by y?
5
Suppose 4*n - 323 + 119 = -5*z, -196 = -4*n - 3*z. Suppose -16*d = -14*d - n. Calculate the remainder when 37 is divided by d.
14
Suppose -3*m + 4*g + 72 = 5, -m - 4*g + 17 = 0. Calculate the remainder when 36 is divided by m.
15
Let s(l) = -l**2 + 23*l + 24. Let p be s(25). Let f = -62 - -32. Let y = p - f. Calculate the remainder when y is divided by 1.
0
Let x(p) = -3*p**3 + 10*p**2 - 2*p - 12. Let f(l) = l**3 + 1. Let y(o) = 4*f(o) + x(o). Let g = 80 + -89. Calculate the remainder when y(g) is divided by 23.
22
What is the remainder when 628 is divided by (110/33)/((-40)/(-432))?
16
Let m = -12 + 14. Suppose -2*z + 6 + m = 0. Suppose 8 + 20 = z*n. What is the remainder when 20 is divided by n?
6
Let y = 822 - 791. Suppose 6*v - 42 = 2*v - 2*p, 5*v - 3*p - 58 = 0. What is the remainder when y is divided by v?
9
Let a = 430 + -428. Calculate the remainder when 33 is divided by a.
1
Suppose 0 = q + 5, -18*q = 3*z - 16*q - 47. Calculate the remainder when 131 is divided by z.
17
Let i be (22/(-6))/(3/(-27)). Let h = i + -23. Suppose 73*b = 67*b + 174. Calculate the remainder when b is divided by h.
9
Suppose -w = -2*b - 0*w + 716, 0 = -b + 5*w + 340. Suppose 6*m = m + b. Calculate the remainder when m is divided by 15.
12
Let n be 30/20 + 21/2. Let y = n + 0. Calculate the remainder when y is divided by 6.
0
Suppose b + 5*k + 33 = 44, 5*b - 124 = -2*k. Suppose -9 + 3 = -3*l. What is the remainder when b is divided by l/(-8) + (-33)/(-4)?
2
Let j(p) = p**3 - 2*p**2 + 3*p. Let u(n) = n + 2. Let c be u(0). Suppose 3*t = -t + 64. Calculate the remainder when t is divided by j(c).
4
Let c(v) = 31*v**2 + 2*v + 4. Let t be c(-2). Calculate the remainde